 + 7 = 0, 4 = 3*b + i - 7. Suppose -2*m = 10, z - b*z - 14 = 2*m. What is the remainder when (-111)/z*(-10)/(-15) is divided by 13?
11
Let z be (-4)/(-14) - 12/(-7). Suppose 2 = -y - 0*s - z*s, 2*s + 20 = 2*y. What is the remainder when (0 - 3) + -2 + 22 + 0 is divided by y?
5
Suppose -6*o = -o + 3*i - 57, 3*i = 5*o - 33. What is the remainder when o is divided by 5?
4
Suppose 8 = 2*a - 98. Calculate the remainder when a is divided by 55/3 + (-1)/3.
17
Suppose 2*a - 5*v - 143 = 0, -6 = 4*v - 2. Calculate the remainder when a is divided by 36.
33
Suppose 0 = 5*a + 2*z - 170, 3*a - 52 = -z + 51. What is the remainder when a is divided by 20?
16
Let r(w) = -w - 4. Let j be r(-5). Suppose -3*u + u - 82 = -z, u + 5*z + 19 = 0. What is the remainder when j/(-2 + -1)*u is divided by 7?
6
Let o(l) = -l**3 + 4*l**2 - 4. Let d be o(3). Suppose -w = d*i - 11, -i - 4*w - 12 - 1 = 0. Let v = 9 + -7. Calculate the remainder when i is divided by v.
1
Let v(r) = r - 1. Let x be v(3). Let n be x/(-5) + (-134)/(-10). Suppose 4*o - 5*o = -n. Calculate the remainder when 24 is divided by o.
11
Suppose 0*x + 48 = 4*x. Calculate the remainder when 47 is divided by x.
11
Let n = -37 + 39. What is the remainder when n is divided by 2?
0
Let r = -4 + 6. Suppose r*k = 3*k - 5. Calculate the remainder when (2 - (6 - -2))*-2 is divided by k.
2
Let w = 8 + 1. Suppose x + 3*x - 60 = 0. What is the remainder when x is divided by w?
6
Let p(x) = -x**2 + 7*x - 1. Let n be p(4). Let m(r) = -r**2 + 12*r + 1. What is the remainder when 35 is divided by m(n)?
11
Suppose -r - 4*z = 2*r - 25, 3*r - 4*z + 7 = 0. Suppose -60 + 9 = r*x. Let m = x + 32. What is the remainder when 27 is divided by m?
12
Let u(i) = -2*i**3 + 4*i - 1 + 1 - i**2 + 3. Calculate the remainder when 25 is divided by u(-2).
4
Let l = 14 - 24. Let d = l + 16. What is the remainder when 23 is divided by d?
5
Let l = 2 - -5. Calculate the remainder when 30/8*(-80)/(-15) is divided by l.
6
Let t(z) = 2*z + 52. What is the remainder when t(0) is divided by 9?
7
Let k = 4 + -6. Suppose 16 = -4*n - 4*g + 76, -60 = -4*n + 3*g. Calculate the remainder when (3 - 45)/(3/k) is divided by n.
13
Let b(r) = r**3 + 12*r**2 - 5*r - 2. Calculate the remainder when b(-8) is divided by 33.
30
Let c = -20 - -52. Suppose -54 = -4*p - 3*t + t, 3*p - 18 = 3*t. What is the remainder when c is divided by p?
10
Suppose -2*a + 3*a - 111 = -3*n, 2*a - 148 = -4*n. What is the remainder when n is divided by 4?
1
Calculate the remainder when 32 is divided by (4 - 2) + (6 - -1).
5
Let g = 79 + 41. Suppose -3*s + 0*s + g = 0. Let u = -33 + 47. Calculate the remainder when s is divided by u.
12
Let r = 11 - 8. Let j = 0 + r. Suppose 0 = -j*i + 4*i - 22. Calculate the remainder when i is divided by 8.
6
Let i = 11 - -8. Suppose -5 = 2*r - 19. What is the remainder when i is divided by r?
5
Let g = 13 - 8. Suppose 2*n + j - 27 = -4, 0 = -5*j + g. What is the remainder when n is divided by 3?
2
Let l(r) = -r + 3 + 33*r**2 - 4 + 2. Let q be l(1). Suppose 0 = 3*s + 3 - q. What is the remainder when 19 is divided by s?
9
Suppose 3*g + 2 + 13 = 0. Let r(i) = 7*i - 3*i + 12 - 3*i. Calculate the remainder when 19 is divided by r(g).
5
Suppose 5*u - 18 = 7. Let w = -13 + 18. Suppose w = o - 8. What is the remainder when o is divided by u?
3
What is the remainder when ((-30)/8)/(1/(-4)) is divided by (1/3)/(47/564)?
3
Let v = -68 + 137. Calculate the remainder when v is divided by 37.
32
Suppose -3*b - 7 = -y + 1, 0 = -4*y - 3*b + 107. What is the remainder when y is divided by ((-26)/8)/(5/(-20))?
10
Suppose -u - 3*h + 21 = -2*h, 4*h = -3*u + 68. What is the remainder when 31 is divided by u?
15
Let c(z) = -18*z + 1. Suppose 2*q - q = 36. What is the remainder when q is divided by c(-1)?
17
What is the remainder when -11*(-2)/1 + -4 is divided by 11?
7
Let g = 101 + -54. What is the remainder when g is divided by 24?
23
Suppose -4*m - 18 = -6*m. Calculate the remainder when 78 is divided by m.
6
Suppose -39 - 30 = -3*z - w, 0 = z - w - 27. Calculate the remainder when 94 is divided by z.
22
Calculate the remainder when 50 is divided by -2*(0 + -12) + 11 + -15.
10
Suppose 6*w = 10*w - 156. What is the remainder when w is divided by 14?
11
Let j(q) = q**3 - 3*q**2 - 3*q - 1. Let o be 20/(-15)*3*-1. Let u be j(o). Suppose -x - 12 = -u*x. Calculate the remainder when x is divided by 2.
0
Let i = 160 - 93. Calculate the remainder when i is divided by 17.
16
Let h(t) = t**3 + 4*t**2 - 2*t - 4. What is the remainder when 8 is divided by h(-4)?
0
Suppose -u - 1 = 0, -2*u + 9 = x - 7*u. Suppose x*y + 12 = 2*s + 40, 5*y = 3*s + 34. Let v(a) = -a - 1. Calculate the remainder when y is divided by v(-4).
2
Suppose 2*i - 3*i = 0. Let p(w) = -w**2 - w + 69. What is the remainder when p(i) is divided by 18?
15
Let t = -35 - -57. What is the remainder when 41 is divided by t?
19
Let k(c) = 4*c - 31. Calculate the remainder when 27 is divided by k(13).
6
Let k be (-32)/(-20) - 4/(-10). Suppose 0 = k*i + 3*l - 50, i + i - 5*l = 18. What is the remainder when i is divided by 10?
9
Calculate the remainder when (-12)/(4 - (-630)/(-155)) is divided by 21.
18
Suppose q + 56 = 9*q. Calculate the remainder when 26 is divided by q.
5
Suppose 0 = 5*k + 22 + 23. What is the remainder when 4/6 + (-309)/k is divided by (3*3/(-5))/(5/(-50))?
17
Let z(c) = 6*c**2 - 3*c - 4. Suppose 5*u = -n - 0*u + 18, 3*u = n + 6. Let p(r) = 5*r**2 + 1. Calculate the remainder when z(n) is divided by p(-2).
20
Let z(d) = -d**3 - 5*d**2 - 7*d + 1. Let p be z(-5). Let q = p + 17. What is the remainder when q is divided by 27?
26
Let a(j) = -3*j - 31. What is the remainder when 104 is divided by a(-22)?
34
Let t be ((-2)/(-4))/(3/24). Let a(z) = 3*z**2 - 5*z - 3. What is the remainder when 48 is divided by a(t)?
23
Suppose -t - 3 = -3*f, 3*t + f = 4*t - 3. What is the remainder when 45 is divided by t?
3
Suppose 5*s = -2*r, -5*s + 0*r - 3*r = -5. Let x be s - (-2)/(-1 + 2). Suppose x = 6*g - 4*g - 38. Calculate the remainder when g is divided by 7.
5
Let s(j) = j**2 + 7*j + 27. Calculate the remainder when 229 is divided by s(-6).
19
Let p(y) = -y**2 + 4*y + 5. Let m be p(5). Suppose m*o + 20 = 5*o. Suppose o*r - 6 = 18. Calculate the remainder when 15 is divided by r.
3
Suppose b + 19 = -2*m + 4*m, 2*m - 4*b = 34. Let i = m - -2. Calculate the remainder when 25 is divided by i.
7
Let m(w) = w**2 + 5*w - 11. Suppose 5*s = 2*n - 3*n + 6, 5*s = -2*n + 7. Calculate the remainder when 25/3*3/n is divided by m(-8).
12
Let f(l) = 5*l - 13. What is the remainder when 31 is divided by f(6)?
14
Suppose 54 = b + 2*f, b - 4*f = -4*b + 284. Suppose 0*c - 2*c - 2 = 0, -4*s + 74 = 2*c. What is the remainder when b + (-1 - 0/(-2)) is divided by s?
17
What is the remainder when (20/(-16))/((-1)/4) is divided by -2 + 3 + (1 - -1)?
2
Suppose 0 = 5*q - 4*i + 3, i - 6 = -2*i. Suppose -k + 3*k + 6 = 0. What is the remainder when k + 2 - q*-15 is divided by 5?
4
Suppose -87*z - 164 = -91*z. Calculate the remainder when 204 is divided by z.
40
Let l(c) = -2*c**3 + 2*c**2 + c + 25. What is the remainder when 98 is divided by l(0)?
23
Let a(m) = m**3 - 8*m**2 + m + 1. Let n be a(8). Suppose 0*i = -3*i + n. Calculate the remainder when 8 is divided by i.
2
Let j(c) = -c**2 - 6*c - 4. Let d be j(-5). What is the remainder when (8/d)/((-2)/(-4)) is divided by 9?
7
Suppose p + p = 28. Calculate the remainder when 26 is divided by p.
12
Let c = -17 + 28. What is the remainder when 18 is divided by c?
7
Let g(d) = 0*d + 7 + 3*d - 1. Let s be g(7). Let f = s - 10. Calculate the remainder when f is divided by 6.
5
Let c(u) = -u**2 - 20*u + 8. Let f = -18 - -41. Calculate the remainder when c(-18) is divided by f.
21
Suppose -11 + 63 = 4*n. Calculate the remainder when n is divided by 5.
3
Suppose 5*p + 0*p = 0. Suppose p = -m - 2*m + 9. Suppose 2*o - 12 = -m*x, 2*x + 0*o + 11 = 5*o. Calculate the remainder when 2 is divided by x.
0
Let h(t) = 3*t - 7. Suppose 3*w + 2*p - 93 = 0, -4*w = w + 5*p - 155. Suppose -w = -3*o + 38. What is the remainder when o is divided by h(5)?
7
Let x(f) = 2*f - 4. Let r be (6/(-4))/(2/(-4)). What is the remainder when 7 is divided by x(r)?
1
Suppose -6*w + 2*w = -40. Let b = -16 + w. Let i = 10 + b. Calc